1707. Let n be w(-28). What is i(n)?
-25
Let q(m) = 5*m - 7. Let w(p) = 5 + 2 - 100*p + 15 + 92*p. Let s be w(2). What is q(s)?
23
Let p(a) = -a**3 - 5*a**2 + a - 4. Let x(r) = -r - 32. Let h(n) = n**2 - 18*n - 27. Let z be h(18). Let s be x(z). Give p(s).
-9
Let m = 31088 - 31088. Let y(k) be the third derivative of -1/12*k**4 + 0 - 24*k**2 + 5/6*k**3 + m*k. Give y(9).
-13
Let c(o) be the second derivative of o**5/10 - o**4/4 - o**3/3 - o**2/2 + 10*o. Suppose 7*f = 27*f - 60. Determine c(f).
20
Let p(k) = -k - 11. Let s(m) = -5*m**2 - 8*m + 15. Let i be s(2). Let x be (-2 + i/(-9))*(-20 - 1). Determine p(x).
-4
Let n(w) = w + 1. Let q(o) = 2*o**2 + 7*o - 10. Let m be q(-5). Let g(v) = 2*v + 11. Let p(t) = m*n(t) - g(t). Calculate p(6).
12
Suppose -5*m + 46 = 2*z + 11, z - 4*m = -15. Let x(h) = 16*h + z - 32*h + 18*h. Determine x(-4).
-3
Let d(z) = 5*z - 1. Let p(r) = -r**2 + 3*r + 2. Let q be p(-2). Let h be (15/45)/((-2)/12) + q. Determine d(h).
-51
Let o(y) be the third derivative of 0*y - 1/30*y**5 + 1/6*y**3 + 0*y**4 + 0 + 192*y**2 + 1/15*y**6. Let w = 1 - 0. Give o(w).
7
Let z(h) be the third derivative of -h**4/24 + h**3/6 + 64*h**2 + 2*h. Let p(j) = 6*j - 8. Suppose b + 6 = 30. Let i(n) = b*z(n) + 3*p(n). Determine i(2).
-12
Let h(z) = -z**3 + 7*z**2 - 19*z + 14. Suppose 16*f = 824 - 744. What is h(f)?
-31
Let g be ((-168)/30)/(1/20). Suppose -16*j + y = -18*j + 211, 0 = -5*j - y + 523. Let b = j + g. Let c(w) = -w**3 - 8*w**2 + w + 2. Give c(b).
-6
Let h(s) be the first derivative of -335 - 5/2*s**2 + s. Give h(4).
-19
Let h = 30734 + -30726. Let w(y) = 7 - 2*y**2 + 3*y**2 - 10*y + 3. Give w(h).
-6
Suppose -12 = 5*p - 2. Let y be 1/(p/(14 - 2)). Let l(s) = 15*s + 2*s**2 + 7 + 24*s - s**2 - 9 + 7 - 30*s. Calculate l(y).
-13
Let d(h) be the second derivative of 2*h + 11 - 7*h**2 + 3/2*h**3 - 1/12*h**4. What is d(8)?
-6
Let g(r) = -r**2 - 5*r + 21. Suppose 1361*y = 1365*y + 5*k + 15, -4*k - 12 = -y. Give g(y).
21
Let t be 0 + 1 + 3 + 0. Suppose -2*f + 24 = t*f. Let w(y) = 983*y - 3*y**2 + y**3 + 2*y**3 - 986*y - 2*y**3. Determine w(f).
4
Let i(j) = -17 - 3 + 5*j + 1. Suppose 21 = 4*w + 2*s - 3*s, -4*w + 15 = 5*s. Let p be i(w). Let l(n) = -n + 5. Determine l(p).
-1
Let q be 0 + (2 - -11 - 2). Let t(l) = -2 - 7*l + q*l + l**2 - 5*l. Let r(h) = 201*h + 1208. Let i be r(-6). Give t(i).
0
Let i(r) = r**3 + 19*r**2 + 42*r + 36. Let o(f) = 3*f**3 + 37*f**2 + 83*f + 71. Let j(y) = 5*i(y) - 2*o(y). Calculate j(23).
-8
Let h(g) be the third derivative of g**5/60 - 2*g**3 - 3*g**2. Suppose 0 = -841*t + 839*t + 12. Suppose 0 = -t*v + 11*v. Give h(v).
-12
Let w(q) = 3*q**3 - q**2 + q - 1. Suppose a - 5*s + 0 = -14, -3*a - 9 = -4*s. Let i be w(a). Let f(t) = -9*t + 4*t**i - 10*t + 1 + 35*t - 15*t. Calculate f(-1).
4
Let o(g) = -g**3 - 2*g**2 + 4*g + 4. Let p be (-6*(-3)/27)/(3/54). Let x = -16 + p. Determine o(x).
20
Let r(x) = x**2 + 3*x + 3. Let t = 462 - 458. Suppose 5*q + s - 16 = -26, -5*s = t*q - 13. What is r(q)?
3
Let b(v) = 5*v**2 + 46*v - 11. Suppose 4 = -z - 3*z - 4*c, 19 = z - 4*c. Let u(o) = 2*o**2 + 16*o - 4. Let r(d) = z*b(d) - 8*u(d). Give r(6).
23
Let p be (12/(-1))/((-9)/27). Suppose -4 = -5*v + 3*v. Let n(l) = -v + 5 - p*l**2 - l**3 + 31*l**2. Calculate n(-5).
3
Let q(j) = j**3 - j**2 - 7*j - 10. Let c = -12851 + 12854. What is q(c)?
-13
Let u(b) be the third derivative of b**6/120 - 2*b**5/5 + 7*b**4/4 + 37*b**3/6 + 95*b**2 + 2. What is u(22)?
-7
Let p be (-3 + 497/3)*3. Suppose -252 = 3*i + 4*u + 116, p = -4*i - 4*u. Let b be ((-15)/(-10))/((-5)/(i/(-9))). Let n(v) = 2*v - 1. Determine n(b).
-9
Let h(s) = -6*s**2 + 5 + s**3 + 2*s**2 - 4. Let f = -63 + 75. Suppose -i = 2*v - 4, 6*i - 2*i + 4*v - f = 0. Calculate h(i).
-7
Let y(o) = 3*o - 3. Let d be y(4). Let a(u) be the second derivative of -41*u + 0 - u**2 + 1/6*u**3. What is a(d)?
7
Suppose 8*x + 3*w = 7*x + 50, -20 = -x + 3*w. Let f(b) = 9*b - 322. Let c be f(x). Let h(n) = n**3 + 8*n**2 - 6. Give h(c).
43
Let q(o) = -o + 1. Let z(l) = -5*l + 88. Let k(v) = 2*q(v) - z(v). Let s be k(28). Let h(b) = -b**2 - 2*b - 3. Give h(s).
-3
Suppose 0 = -3*l - 2*n - 4, -2*n - 3 = 2*l + 3. Suppose -l*x = 60 - 66. Let k(a) = 7*a**3 + 4*a**3 + 2*a**2 + 2*a**x - 14*a**3 + 1. What is k(2)?
1
Let q = -470 - -473. Suppose -9 = -3*d - 2*y, d - 2*d + q*y - 8 = 0. Let x(l) = -36*l + 1. Determine x(d).
-35
Let c(g) be the second derivative of g**5/10 - g**3/6 + g**2/2 + 2*g + 3. Let t(q) = -7*q**3 - 10*q**2 - 8*q + 9. Let o(f) = 4*c(f) + t(f). Determine o(11).
2
Suppose 5*c - 3*v + 30 = -32, -5*c - 4*v = 34. Let t be (72/c)/6*1*5. Let f be (-32)/t - (-1)/(-3). Let k(u) = 3*u - 6. Determine k(f).
9
Let z(r) = 6*r**2 - 1. Let v(c) = c**2 - c - 1. Let s(x) = -5*v(x) + z(x). Suppose 3*q = -6 + 33. Suppose 8*o - q*o - 4 = 0. Determine s(o).
0
Let o(j) = -j + 1. Let n(x) = x**3 + x**2 - 27*x + 23. Let m be n(-6). What is o(m)?
-4
Suppose 3*o + 97 = -455. Let p = o - -188. Let s(c) = c - 6. Calculate s(p).
-2
Let h(a) = a - 7. Let u be h(9). Suppose -30 = -46*x + 51*x. Let n be (-3 + 1/u)*x/5. Let o(r) = r**2 + 2*r - 1. What is o(n)?
14
Suppose -15*w = 11 - 41. Let x(d) = -96 + 91 + 19*d - 33*d + d**w + 0*d**2. Determine x(14).
-5
Let n be 9/(-3) + (-2 - 0)/1. Let d(w) be the third derivative of -1/120*w**6 - 10*w**2 + 0*w**4 - 1/6*w**3 - 1/12*w**5 + 0 + 0*w. What is d(n)?
-1
Let j(f) = -f - 11. Let t(g) = 18*g + 94. Let q(h) = 8*j(h) + t(h). Give q(-4).
-34
Let u be (-1)/(1 - 6/4). Let h(q) = q**2 + q - 2*q**u - 4 + 9 - 6. Determine h(2).
-3
Let d = -102 + 176. Let h = d - 84. Let p(t) = t**2 + 12*t + 9. What is p(h)?
-11
Let y(h) be the first derivative of -h**4/4 + 7*h**3/3 - 4*h**2 + 24*h - 6000. Determine y(8).
-104
Let b(z) be the second derivative of 2/3*z**4 - 5/3*z**3 - 6*z**2 - z + 1/20*z**5 + 0. Let a(g) = g**3 + 10*g**2 - 13*g + 123. Let x be a(-12). Give b(x).
-3
Let l(p) be the first derivative of -p**3/3 + p**2/2 - 25*p - 103. Let k(f) be the first derivative of l(f). What is k(9)?
-17
Let m(a) = -a**2 + 12*a - 7. Let h = -16762 + 16776. Determine m(h).
-35
Suppose 34*w = 28*w. Suppose 5*p - 4*p = w. Suppose -55 = -p*s - 11*s. Let m(k) = k - 2. Determine m(s).
3
Suppose 6*c + 26 = 3*m + c, -4*m = -2*c - 58. Suppose -25 = -2*z - m. Let n(i) = -i**3 + 4*i**2 + 1. Determine n(z).
1
Let w(g) = 41*g**2 + g - 11 + 2*g - 40*g**2. Let a(i) = -i + 1. Let c(j) = 4*a(j) + w(j). Calculate c(5).
13
Let i(g) = -6*g - 1. Let l be i(1). Let a(q) = -3*q + 3. Let c(u) = -2 - 2*u + 0 + 4*u. Let z(p) = l*c(p) - 5*a(p). Determine z(-3).
-4
Suppose 0*q - 2*q + 8 = 0. Let k(t) = -5*t - q - 2*t**3 - t**2 - 3*t**2 + 3*t**3 - t**2. What is k(6)?
2
Let f be (-1 - -2)/((-2)/6). Let q(d) be the first derivative of 2*d**2 + d - 1718. Let m(n) = 4*n + 2. Let w(g) = f*q(g) + 2*m(g). Give w(3).
-11
Let g(k) = k**3 + 4*k**2 + 5*k - 3. Suppose -21*y = -5*y - 6*y. Suppose y = -3*l + 4*l + 3*m, -2 = -2*m. Determine g(l).
-9
Let w(r) = -r**2 + 5*r - 1. Let q be w(3). Suppose 0 = -g + x, -q*x + 0*x + 1 = -4*g. Let z(n) = 0 + 2 - 4*n + 1 - n**2 + g. Determine z(-5).
-1
Let u = 290 - 79. Let j = u + -211. Let d(m) = -m - 1. What is d(j)?
-1
Let z(c) = 2*c**2 + 5*c + 5. Let h = -21 - -19. Let n be z(h). Let f(v) = -v - 4. Let w(r) = -r - 5. Let o(k) = n*w(k) - 4*f(k). Calculate o(0).
1
Let q(n) = 6*n**3 - 97*n**2 + 14*n + 34. Let j be (1 - -2 - 23)/((-45)/36). Calculate q(j).
2
Let w = -233 - -130. Let k = -99 - w. Let h(c) = -c**2 + 2*c + 3. Give h(k).
-5
Suppose 16*k + 2075 = -533. Let m = 158 + k. Let u(s) = s**2 + 4*s - 5. What is u(m)?
0
Let g = -39 - -38. Let p(b) = 13*b**2 - b + 4. Let w(u) = -31*u**2 + 2*u - 11. Let n(f) = 8*p(f) + 3*w(f). What is n(g)?
12
Suppose 0 = 44*w + 515 + 541. Let k(z) = -z**3 - 24*z**2 - z + 22. Determine k(w).
46
Let f(r) = -r + 15. Let u be -24 - (3 - (-5 + 4)). Let g be 2/5*(u - 2). Let c(q) = q**2 + 12*q + 7. Let h be c(g). Calculate f(h).
8
Let c(d) = d**2 - 3*d - 60. Let z = 26371 + -26371. Calculate c(z).
-60
Let g(q) be the second derivative of q**4/6 - q**3/2 + 19*q**2/2 - 2478*q. Calculate g(3).
28
Let o(m) = -m**2 - m + 3. Suppose -18 = 2*n + 2. Let j be 2*10 - (n + 13). Suppose 3*t - 5*q + j = 0, -3*q - q = t. Determine o(t).
-9
Let v be -4 + 1*2/(-2). Let q(b) = -5*b - 36. Let r(l)